{"id":4740,"date":"2022-04-28T17:03:46","date_gmt":"2022-04-28T23:03:46","guid":{"rendered":"https:\/\/ptveracruz.mx\/?page_id=4740"},"modified":"2023-08-04T18:17:05","modified_gmt":"2023-08-05T00:17:05","slug":"art-15-fraccion-i-2021","status":"publish","type":"page","link":"https:\/\/ptveracruz.mx\/?page_id=4740","title":{"rendered":"Fracci\u00f3n I Art\u00edculo 15 2021"},"content":{"rendered":"\n<h5 class=\"wp-block-heading\"><strong>El marco normativo aplicable al sujeto obligado, en el que deber\u00e1 incluirse leyes, c\u00f3digos, reglamentos, decretos de creaci\u00f3n, manuales administrativos, reglas de operaci\u00f3n, criterios y pol\u00edticas, entre otros.<\/strong><\/h5>\n\n\n\n<p>Normatividad aplicable<\/p>\n\n\n\n<p class=\"has-text-align-center\"><strong>Primer Trimestre<\/strong><\/p>\n\n\n\n<figure class=\"wp-block-table\"><table><tbody><tr><td><a href=\"https:\/\/docs.google.com\/spreadsheets\/d\/1octJC8iXehodJXcEFo3yxs5Ot_7aXT-K\/edit?usp=sharing&amp;ouid=106129249287364210985&amp;rtpof=true&amp;sd=true\"><img loading=\"lazy\" decoding=\"async\" width=\"65\" height=\"64\" class=\"wp-image-3228\" style=\"width: 65px;\" src=\"https:\/\/ptveracruz.mx\/wp-content\/uploads\/2017\/08\/descargar-visualizar.jpg\" alt=\"\"><\/a><\/td><td> <img loading=\"lazy\" decoding=\"async\" width=\"64\" height=\"64\" class=\"wp-image-2003\" style=\"width: 64px;\" src=\"https:\/\/ptveracruz.mx\/wp-content\/uploads\/2017\/05\/responsable.jpg\" alt=\"\"><\/td><td><img loading=\"lazy\" decoding=\"async\" width=\"64\" height=\"64\" class=\"wp-image-2001\" style=\"width: 64px;\" src=\"https:\/\/ptveracruz.mx\/wp-content\/uploads\/2017\/05\/fecha-de-actualizacion.jpg\" alt=\"\"><\/td><td><img loading=\"lazy\" decoding=\"async\" width=\"64\" height=\"64\" class=\"wp-image-2002\" style=\"width: 64px;\" src=\"https:\/\/ptveracruz.mx\/wp-content\/uploads\/2017\/05\/fecha-de-actualizacion2.jpg\" alt=\"\"><\/td><\/tr><tr><td><\/td><td>Comisi\u00f3n Ejecutiva Estatal <\/td><td> 31\/03\/2021 <\/td><td> 15\/03\/2021 <\/td><\/tr><\/tbody><\/table><\/figure>\n\n\n\n<p class=\"has-text-align-center\"><strong>Segundo Trimestre<\/strong><\/p>\n\n\n\n<figure class=\"wp-block-table\"><table><tbody><tr><td><a href=\"https:\/\/docs.google.com\/spreadsheets\/d\/1EKVub7gw_oQpsaZ8gOMwPs84IwTko-GC\/edit?usp=sharing&amp;ouid=106129249287364210985&amp;rtpof=true&amp;sd=true\"><img loading=\"lazy\" decoding=\"async\" width=\"65\" height=\"64\" class=\"wp-image-3228\" style=\"width: 65px;\" src=\"https:\/\/ptveracruz.mx\/wp-content\/uploads\/2017\/08\/descargar-visualizar.jpg\" alt=\"\"><\/a><\/td><td> <img loading=\"lazy\" decoding=\"async\" width=\"64\" height=\"64\" class=\"wp-image-2003\" style=\"width: 64px;\" src=\"https:\/\/ptveracruz.mx\/wp-content\/uploads\/2017\/05\/responsable.jpg\" alt=\"\"><\/td><td><img loading=\"lazy\" decoding=\"async\" width=\"64\" height=\"64\" class=\"wp-image-2001\" style=\"width: 64px;\" src=\"https:\/\/ptveracruz.mx\/wp-content\/uploads\/2017\/05\/fecha-de-actualizacion.jpg\" alt=\"\"><\/td><td><img loading=\"lazy\" decoding=\"async\" width=\"64\" height=\"64\" class=\"wp-image-2002\" style=\"width: 64px;\" src=\"https:\/\/ptveracruz.mx\/wp-content\/uploads\/2017\/05\/fecha-de-actualizacion2.jpg\" alt=\"\"><\/td><\/tr><tr><td><\/td><td>Comisi\u00f3n Ejecutiva Estatal <\/td><td> 30\/06\/2021 <\/td><td> 15\/06\/2021 <\/td><\/tr><\/tbody><\/table><\/figure>\n\n\n\n<p class=\"has-text-align-center\"><strong>Tercer Trimestre<\/strong><\/p>\n\n\n\n<figure class=\"wp-block-table\"><table><tbody><tr><td><a href=\"https:\/\/docs.google.com\/spreadsheets\/d\/1yQgtGChK0cD6qIztjOXJQtlEdFsgRENp\/edit?usp=sharing&amp;ouid=106129249287364210985&amp;rtpof=true&amp;sd=true\"><img loading=\"lazy\" decoding=\"async\" width=\"65\" height=\"64\" class=\"wp-image-3228\" style=\"width: 65px;\" src=\"https:\/\/ptveracruz.mx\/wp-content\/uploads\/2017\/08\/descargar-visualizar.jpg\" alt=\"\"><\/a><\/td><td> <img loading=\"lazy\" decoding=\"async\" width=\"64\" height=\"64\" class=\"wp-image-2003\" style=\"width: 64px;\" src=\"https:\/\/ptveracruz.mx\/wp-content\/uploads\/2017\/05\/responsable.jpg\" alt=\"\"><\/td><td><img loading=\"lazy\" decoding=\"async\" width=\"64\" height=\"64\" class=\"wp-image-2001\" style=\"width: 64px;\" src=\"https:\/\/ptveracruz.mx\/wp-content\/uploads\/2017\/05\/fecha-de-actualizacion.jpg\" alt=\"\"><\/td><td><img loading=\"lazy\" decoding=\"async\" width=\"64\" height=\"64\" class=\"wp-image-2002\" style=\"width: 64px;\" src=\"https:\/\/ptveracruz.mx\/wp-content\/uploads\/2017\/05\/fecha-de-actualizacion2.jpg\" alt=\"\"><\/td><\/tr><tr><td><\/td><td>Comisi\u00f3n Ejecutiva Estatal <\/td><td> 30\/09\/2021 <\/td><td> 15\/09\/2021 <\/td><\/tr><\/tbody><\/table><\/figure>\n\n\n\n<p class=\"has-text-align-center\"><strong>Cuarto Trimestre<\/strong><\/p>\n\n\n\n<figure class=\"wp-block-table\"><table><tbody><tr><td><a href=\"https:\/\/docs.google.com\/spreadsheets\/d\/11uHk0BRLBoJrtLK2iq-ynxNhuyewlJyP\/edit?usp=sharing&amp;ouid=106129249287364210985&amp;rtpof=true&amp;sd=true\"><img loading=\"lazy\" decoding=\"async\" width=\"65\" height=\"64\" class=\"wp-image-3228\" style=\"width: 65px;\" src=\"https:\/\/ptveracruz.mx\/wp-content\/uploads\/2017\/08\/descargar-visualizar.jpg\" alt=\"\"><\/a><\/td><td> <img loading=\"lazy\" decoding=\"async\" width=\"64\" height=\"64\" class=\"wp-image-2003\" style=\"width: 64px;\" src=\"https:\/\/ptveracruz.mx\/wp-content\/uploads\/2017\/05\/responsable.jpg\" alt=\"\"><\/td><td><img loading=\"lazy\" decoding=\"async\" width=\"64\" height=\"64\" class=\"wp-image-2001\" style=\"width: 64px;\" src=\"https:\/\/ptveracruz.mx\/wp-content\/uploads\/2017\/05\/fecha-de-actualizacion.jpg\" alt=\"\"><\/td><td><img loading=\"lazy\" decoding=\"async\" width=\"64\" height=\"64\" class=\"wp-image-2002\" style=\"width: 64px;\" src=\"https:\/\/ptveracruz.mx\/wp-content\/uploads\/2017\/05\/fecha-de-actualizacion2.jpg\" alt=\"\"><\/td><\/tr><tr><td><\/td><td>Comisi\u00f3n Ejecutiva Estatal <\/td><td> 31\/12\/2021 <\/td><td> 15\/12\/2021 <\/td><\/tr><\/tbody><\/table><\/figure>\n\n\n\n<h4 class=\"wp-block-heading\"><\/h4>\n\n\n\n<h4 class=\"wp-block-heading\"><\/h4>\n\n\n\n<p><a href=\"https:\/\/drive.google.com\/file\/d\/1Q5WxdusW1DvDs1wG_20QPXxH3sTTVNR7\/view?usp=sharing\" data-wahfont=\"14\">ACTA DE COMIT\u00c9 DE TRANSPARENCIA DE INEXISTENCIA DE ALGUNOS DOCUMENTOS DEL MARCO NORMATIVO<\/a><\/p>\n\n\n\n<h4 class=\"wp-block-heading\">Leyes que nos rigen<\/h4>\n\n\n\n<p><a href=\"http:\/\/www.ptveracruz.org\/wp-content\/uploads\/2017\/05\/CONSTITUCION-POLITICA-DE-LOS-ESTADOS-UNIDOS-MEXICANOS.pdf\" data-wahfont=\"14\">Constituci\u00f3n Pol\u00edtica de los Estados Unidos Mexicanos<\/a><\/p>\n\n\n\n<p><a href=\"http:\/\/www.ptveracruz.org\/wp-content\/uploads\/2017\/05\/CONSTITUCI%C3%93N-POL%C3%8DTICA-DEL-ESTADO-DE-VERACRUZ.pdf\" data-wahfont=\"14\">Constituci\u00f3n Pol\u00edtica del Estado de Veracruz<\/a><\/p>\n\n\n\n<p><a href=\"http:\/\/www.ptveracruz.org\/wp-content\/uploads\/2017\/05\/LEY-FEDERAL-DE-CONSULTA-POPULAR.pdf\" data-wahfont=\"14\">Ley Federal de Consulta Popular<\/a><\/p>\n\n\n\n<p><a href=\"http:\/\/www.ptveracruz.org\/wp-content\/uploads\/2017\/05\/LEY-GENERAL-DE-INSTITUCIONES-Y-PROCEDIMIENTOS-ELECTORALES.pdf\" data-wahfont=\"14\">Ley General de Instituciones y Procesos Electorales<\/a><\/p>\n\n\n\n<p><a href=\"http:\/\/www.ptveracruz.org\/wp-content\/uploads\/2017\/05\/LEY-GENERAL-DE-PARTIDOS-POL%C3%8DTICOS.pdf\" data-wahfont=\"14\">Ley General de los Partidos Pol\u00edticos<\/a><\/p>\n\n\n\n<p><a href=\"http:\/\/www.ptveracruz.org\/wp-content\/uploads\/2017\/05\/Reglamento_de_Fiscalizacion.pdf\" data-wahfont=\"14\">Reglamento de Fiscalizaci\u00f3n<\/a><\/p>\n\n\n\n<p><a href=\"http:\/\/www.ptveracruz.org\/wp-content\/uploads\/2017\/05\/C%C3%B3digo-Electoral-para-el-Estado-de-Veracruz.pdf\" data-wahfont=\"14\">C\u00f3digo Electoral para el Estado de Veracruz<\/a><\/p>\n\n\n\n<p><a href=\"http:\/\/www.ptveracruz.org\/wp-content\/uploads\/2017\/05\/Ley-General-del-Sistema-de-Medios-de-Impugnaci%C3%B3n-en-Materia-Electoral.pdf\" data-wahfont=\"14\">Ley General del Sistema de Medios de Impugnaci\u00f3n en Materia Electoral<\/a><\/p>\n\n\n\n<p><a href=\"http:\/\/www.ptveracruz.org\/wp-content\/uploads\/2017\/05\/Ley-General-en-Materia-de-Delitos-Electorales.pdf\" data-wahfont=\"14\">Ley General en Materia de Delitos Electorales<\/a><\/p>\n\n\n\n<p><a href=\"http:\/\/www.ptveracruz.org\/wp-content\/uploads\/2017\/05\/Plan-y-Calendario-Integral-del-Proceso-Electoral-Federal-2017-2018.pdf\" data-wahfont=\"14\">Plan y Calendario Integral del Proceso Electoral Federal 2017-2018<\/a><\/p>\n\n\n\n<p><a href=\"http:\/\/www.ptveracruz.org\/wp-content\/uploads\/2017\/05\/Reglamento-de-Elecciones.pdf\" data-wahfont=\"14\">Reglamento de Elecciones<\/a><\/p>\n\n\n\n<p><a href=\"http:\/\/www.ptveracruz.org\/wp-content\/uploads\/2017\/05\/Reglamento-de-Procedimientos-Sancionadores-en-Materia-de-Fiscalizaci%C3%B3n.pdf\" data-wahfont=\"14\">Reglamento de Procedimientos Sancionadores en Materia de Fiscalizaci\u00f3n<\/a><\/p>\n\n\n\n<p><a href=\"http:\/\/www.ptveracruz.org\/wp-content\/uploads\/2017\/05\/Reglamento-del-Instituto-Nacional-Electoral-en-Materia-de-Transparencia-y-Acceso-a-la-Informaci%C3%B3n-P%C3%BAblica.pdf\" data-wahfont=\"14\">Reglamento del Instituto Nacional Electoral en Materia de Transparencia y Acceso a la Informaci\u00f3n P\u00fablica<\/a><\/p>\n\n\n\n<p><a href=\"http:\/\/www.ptveracruz.org\/wp-content\/uploads\/2017\/05\/LGT-Comentada.pdf\" data-wahfont=\"14\">Ley General de Transparencia-Comentada&nbsp;<\/a><\/p>\n\n\n\n<p><a href=\"https:\/\/drive.google.com\/file\/d\/1-hV5nJOSkBhZIcfiNTnxJuuO_k61DfMK\/view?usp=sharing\" data-wahfont=\"14\">Ley General de Archivos<\/a><\/p>\n\n\n\n<h4 class=\"wp-block-heading\">Documentos b\u00e1sicos del Partido<\/h4>\n\n\n\n<p><a href=\"http:\/\/www.ptveracruz.org\/wp-content\/uploads\/2017\/05\/ACTA-CONSTITUTIVA-PT.pdf\" data-wahfont=\"14\">Acta constitutiva del Partido<\/a><\/p>\n\n\n\n<p><a href=\"http:\/\/www.ptveracruz.org\/wp-content\/uploads\/2017\/05\/declaracion-principios-pt-1.pdf\" data-wahfont=\"14\">Declaraci\u00f3n de principios<\/a><\/p>\n\n\n\n<p><a href=\"http:\/\/www.ptveracruz.org\/wp-content\/uploads\/2017\/05\/estatutos-generales-pt-1.pdf\" data-wahfont=\"14\">Estatutos generales<\/a><\/p>\n\n\n\n<p><a href=\"http:\/\/www.ptveracruz.org\/wp-content\/uploads\/2017\/05\/programa-accion-pt-1.pdf\" data-wahfont=\"14\">Programa de acci\u00f3n<\/a><\/p>\n\n\n\n<p><a href=\"http:\/\/www.ptveracruz.org\/wp-content\/uploads\/2017\/05\/normas-reglamentarias-pt.pdf\" data-wahfont=\"14\">Normas reglamentarias<\/a><\/p>\n\n\n\n<h4 class=\"wp-block-heading\">Leyes de transparencia<\/h4>\n\n\n\n<p><a href=\"http:\/\/www.ptveracruz.org\/wp-content\/uploads\/2014\/02\/LGTAIP-INAI.pdf\" data-wahfont=\"14\">LGTAIP INAI<\/a><\/p>\n\n\n\n<p><a href=\"http:\/\/www.ptveracruz.org\/wp-content\/uploads\/2014\/02\/LGTAIP.pdf\" data-wahfont=\"14\">LGTAIP<\/a><\/p>\n\n\n\n<p><a href=\"http:\/\/www.ptveracruz.org\/wp-content\/uploads\/2014\/02\/LINEAMIENTOS-GENERALES-PARA-LA-PUBLICACION.pdf\" data-wahfont=\"14\">LINEAMIENTOS GENERALES PARA LA PUBLICACION<\/a><\/p>\n\n\n\n<p><a href=\"http:\/\/www.ptveracruz.org\/wp-content\/uploads\/2014\/02\/LTAIPEV-875.pdf\" data-wahfont=\"14\">LTAIPEV 875<\/a><\/p>\n\n\n\n<p><a href=\"http:\/\/www.ptveracruz.org\/wp-content\/uploads\/2017\/05\/Ley-General-de-Protecci%C3%B3n-de-Datos-Personales-en-Poder-de-los-Sujetos-Obligados-T.pdf\" data-wahfont=\"14\">Ley General de Protecci\u00f3n de Datos Personales en Poder de los Sujetos Obligados&nbsp;<\/a><\/p>\n\n\n\n<p><a href=\"http:\/\/www.ptveracruz.org\/wp-content\/uploads\/2017\/05\/Ley-General-de-Protecci%C3%B3n-de-Datos-Personales-en-Posesi%C3%B3n-de-Sujetos-Obligados-T.pdf\" data-wahfont=\"14\">Ley General de Protecci\u00f3n de Datos Personales en Posesi\u00f3n de Sujetos Obligados<\/a><\/p>\n\n\n\n<p><a href=\"http:\/\/www.ptveracruz.org\/wp-content\/uploads\/2017\/05\/Lineamientos-T%C3%A9cnicos-Generales-modificados-T.pdf\" data-wahfont=\"14\">Lineamientos T\u00e9cnicos Generales modificados<\/a><\/p>\n\n\n\n<p><a href=\"http:\/\/www.ptveracruz.org\/wp-content\/uploads\/2017\/05\/Lineamientos-Generales-Ley-875-de-Transparencia-y-Acceso-a-la-Informaci%C3%B3n-P%C3%BAblica-para-el-Estado-de-Veracruz-de-Ignacio-de-la-Llave_Versi%C3%B3n_Final_GOE.pdf\" data-wahfont=\"14\">Lineamientos Generales Ley 875 de Transparencia y Acceso a la Informaci\u00f3n P\u00fablica para el Estado de Veracruz de Ignacio de la Llave<\/a><\/p>\n\n\n\n<p><a href=\"https:\/\/drive.google.com\/file\/d\/1jDi6rmLFb4QLz9IaFjEvPNmTcsFq4f6s\/view?usp=sharing\" data-wahfont=\"14\">Lineamientos Clasificaci\u00f3n Desclacificaci\u00f3n<\/a><\/p>\n","protected":false},"excerpt":{"rendered":"<p>El marco normativo aplicable al sujeto obligado, en el que deber\u00e1 incluirse leyes, c\u00f3digos, reglamentos, decretos de creaci\u00f3n, manuales administrativos, reglas de [&hellip;]<\/p>\n","protected":false},"author":1,"featured_media":0,"parent":0,"menu_order":0,"comment_status":"closed","ping_status":"closed","template":"","meta":{"footnotes":""},"class_list":["post-4740","page","type-page","status-publish","hentry"],"_links":{"self":[{"href":"https:\/\/ptveracruz.mx\/index.php?rest_route=\/wp\/v2\/pages\/4740","targetHints":{"allow":["GET"]}}],"collection":[{"href":"https:\/\/ptveracruz.mx\/index.php?rest_route=\/wp\/v2\/pages"}],"about":[{"href":"https:\/\/ptveracruz.mx\/index.php?rest_route=\/wp\/v2\/types\/page"}],"author":[{"embeddable":true,"href":"https:\/\/ptveracruz.mx\/index.php?rest_route=\/wp\/v2\/users\/1"}],"replies":[{"embeddable":true,"href":"https:\/\/ptveracruz.mx\/index.php?rest_route=%2Fwp%2Fv2%2Fcomments&post=4740"}],"version-history":[{"count":7,"href":"https:\/\/ptveracruz.mx\/index.php?rest_route=\/wp\/v2\/pages\/4740\/revisions"}],"predecessor-version":[{"id":5369,"href":"https:\/\/ptveracruz.mx\/index.php?rest_route=\/wp\/v2\/pages\/4740\/revisions\/5369"}],"wp:attachment":[{"href":"https:\/\/ptveracruz.mx\/index.php?rest_route=%2Fwp%2Fv2%2Fmedia&parent=4740"}],"curies":[{"name":"wp","href":"https:\/\/api.w.org\/{rel}","templated":true}]}}