{"id":2225,"date":"2017-08-10T13:45:28","date_gmt":"2017-08-10T19:45:28","guid":{"rendered":"http:\/\/www.ptveracruz.org\/?page_id=2225"},"modified":"2018-05-09T16:53:03","modified_gmt":"2018-05-09T22:53:03","slug":"remuneracion-bruta-y-neta-de-funcionarios","status":"publish","type":"page","link":"https:\/\/ptveracruz.mx\/?page_id=2225","title":{"rendered":"Remuneraci\u00f3n Bruta y Neta de funcionarios"},"content":{"rendered":"<blockquote>\n<p style=\"text-align: center;\">No Aplica\/ Existe la fracci\u00f3n XVI del art.<br \/>\n76 de la Ley General de Transparencia y<br \/>\nAcceso a la Informaci\u00f3n P\u00fablica que<br \/>\ncontempla &#8220;El tabulador de<br \/>\nremuneraciones que perciben los<br \/>\nintegrantes de los \u00f3rganos a que se<br \/>\nrefiere la fracci\u00f3n anterior y de los dem\u00e1s<br \/>\nfuncionarios partidistas, que deber\u00e1<br \/>\nvincularse con el directorio y estructura<br \/>\norg\u00e1nica; as\u00ed como cualquier persona que<br \/>\nreciba ingresos por parte del partido<br \/>\npol\u00edtico, independientemente de la<br \/>\nfunci\u00f3n que desempe\u00f1e dentro o fuera<br \/>\ndel partido&#8221;<\/p>\n<\/blockquote>\n<p>&nbsp;<\/p>\n<p><a href=\"http:\/\/www.ptveracruz.org\/wp-content\/uploads\/2017\/08\/8-Formato-Remuneraci\u00f3n-bruta-y-neta.xls\"><img loading=\"lazy\" decoding=\"async\" class=\"aligncenter size-full wp-image-2000\" src=\"http:\/\/www.ptveracruz.org\/wp-content\/uploads\/2017\/05\/descargar.jpg\" alt=\"\" width=\"64\" height=\"64\" \/><\/a><\/p>\n<p><img loading=\"lazy\" decoding=\"async\" class=\"aligncenter size-full wp-image-2004\" src=\"http:\/\/www.ptveracruz.org\/wp-content\/uploads\/2017\/05\/visualizar.jpg\" alt=\"\" width=\"64\" height=\"64\" \/><\/p>\n<p><img loading=\"lazy\" decoding=\"async\" class=\"aligncenter size-large wp-image-2003\" src=\"http:\/\/www.ptveracruz.org\/wp-content\/uploads\/2017\/05\/responsable.jpg\" alt=\"\" width=\"64\" height=\"64\" \/><\/p>\n<p style=\"text-align: center;\">Finanzas<\/p>\n<p style=\"text-align: center;\"><img loading=\"lazy\" decoding=\"async\" class=\"aligncenter size-large wp-image-2002\" src=\"http:\/\/www.ptveracruz.org\/wp-content\/uploads\/2017\/05\/fecha-de-actualizacion2.jpg\" alt=\"\" width=\"64\" height=\"64\" \/><\/p>\n<p style=\"text-align: center;\">20\/12\/2017<\/p>\n<p><img loading=\"lazy\" decoding=\"async\" class=\"aligncenter size-large wp-image-2001\" src=\"http:\/\/www.ptveracruz.org\/wp-content\/uploads\/2017\/05\/fecha-de-actualizacion.jpg\" alt=\"\" width=\"64\" height=\"64\" \/><\/p>\n<p style=\"text-align: center;\">22\/05\/2017<\/p>\n","protected":false},"excerpt":{"rendered":"<p>No Aplica\/ Existe la fracci\u00f3n XVI del art. 76 de la Ley General de Transparencia y Acceso a la Informaci\u00f3n P\u00fablica que [&hellip;]<\/p>\n","protected":false},"author":1,"featured_media":0,"parent":0,"menu_order":0,"comment_status":"closed","ping_status":"closed","template":"","meta":{"footnotes":""},"class_list":["post-2225","page","type-page","status-publish","hentry"],"_links":{"self":[{"href":"https:\/\/ptveracruz.mx\/index.php?rest_route=\/wp\/v2\/pages\/2225","targetHints":{"allow":["GET"]}}],"collection":[{"href":"https:\/\/ptveracruz.mx\/index.php?rest_route=\/wp\/v2\/pages"}],"about":[{"href":"https:\/\/ptveracruz.mx\/index.php?rest_route=\/wp\/v2\/types\/page"}],"author":[{"embeddable":true,"href":"https:\/\/ptveracruz.mx\/index.php?rest_route=\/wp\/v2\/users\/1"}],"replies":[{"embeddable":true,"href":"https:\/\/ptveracruz.mx\/index.php?rest_route=%2Fwp%2Fv2%2Fcomments&post=2225"}],"version-history":[{"count":6,"href":"https:\/\/ptveracruz.mx\/index.php?rest_route=\/wp\/v2\/pages\/2225\/revisions"}],"predecessor-version":[{"id":3079,"href":"https:\/\/ptveracruz.mx\/index.php?rest_route=\/wp\/v2\/pages\/2225\/revisions\/3079"}],"wp:attachment":[{"href":"https:\/\/ptveracruz.mx\/index.php?rest_route=%2Fwp%2Fv2%2Fmedia&parent=2225"}],"curies":[{"name":"wp","href":"https:\/\/api.w.org\/{rel}","templated":true}]}}