{"id":2086,"date":"2017-08-09T13:04:04","date_gmt":"2017-08-09T19:04:04","guid":{"rendered":"http:\/\/www.ptveracruz.org\/?page_id=2086"},"modified":"2018-05-09T16:52:15","modified_gmt":"2018-05-09T22:52:15","slug":"directorio-de-servidores-publicos-2","status":"publish","type":"page","link":"https:\/\/ptveracruz.mx\/?page_id=2086","title":{"rendered":"Directorio de servidores p\u00fablicos"},"content":{"rendered":"<blockquote>\n<p style=\"text-align: center;\">No Aplica\/ Existe la fracci\u00f3n xv del art. 76<br \/>\nde la ley general de transparencia y<br \/>\nacceso a la informaci\u00f3n p\u00fablica que<br \/>\ncontempla &#8220;el directorio de sus \u00f3rganos<br \/>\nde direcci\u00f3n nacionales, estatales,<br \/>\nmunicipales, del distrito federal y, en su<br \/>\ncaso, regionales, delegacionales y<br \/>\ndistritales&#8221;<\/p>\n<\/blockquote>\n<p>&nbsp;<\/p>\n<p style=\"text-align: center;\"><a href=\"http:\/\/www.ptveracruz.org\/wp-content\/uploads\/2017\/08\/7-Formato-El-directorio-de-servidores-p\u00fablicos-a-partir-del-nivel-de-jefe-de-departamento-o-su-equivalente.xls\"><img loading=\"lazy\" decoding=\"async\" class=\"aligncenter wp-image-2000 size-full\" src=\"http:\/\/www.ptveracruz.org\/wp-content\/uploads\/2017\/05\/descargar.jpg\" alt=\"\" width=\"64\" height=\"64\" \/><\/a><\/p>\n<p><img loading=\"lazy\" decoding=\"async\" class=\"aligncenter size-full wp-image-2004\" src=\"http:\/\/www.ptveracruz.org\/wp-content\/uploads\/2017\/05\/visualizar.jpg\" alt=\"\" width=\"64\" height=\"64\" \/><\/p>\n<p><img loading=\"lazy\" decoding=\"async\" class=\"aligncenter size-full wp-image-2003\" src=\"http:\/\/www.ptveracruz.org\/wp-content\/uploads\/2017\/05\/responsable.jpg\" alt=\"\" width=\"64\" height=\"64\" \/><\/p>\n<p style=\"text-align: center;\">Administraci\u00f3n y Finanzas<\/p>\n<p><img loading=\"lazy\" decoding=\"async\" class=\"aligncenter size-full wp-image-2002\" src=\"http:\/\/www.ptveracruz.org\/wp-content\/uploads\/2017\/05\/fecha-de-actualizacion2.jpg\" alt=\"\" width=\"64\" height=\"64\" \/><\/p>\n<p style=\"text-align: center;\">20\/12\/2017<\/p>\n<p><img loading=\"lazy\" decoding=\"async\" class=\"aligncenter size-full wp-image-2001\" src=\"http:\/\/www.ptveracruz.org\/wp-content\/uploads\/2017\/05\/fecha-de-actualizacion.jpg\" alt=\"\" width=\"64\" height=\"64\" \/><\/p>\n<p style=\"text-align: center;\">22\/05\/2017<\/p>\n<p>&nbsp;<\/p>\n","protected":false},"excerpt":{"rendered":"<p>No Aplica\/ Existe la fracci\u00f3n xv del art. 76 de la ley general de transparencia y acceso a la informaci\u00f3n p\u00fablica que [&hellip;]<\/p>\n","protected":false},"author":1,"featured_media":0,"parent":0,"menu_order":0,"comment_status":"closed","ping_status":"closed","template":"","meta":{"footnotes":""},"class_list":["post-2086","page","type-page","status-publish","hentry"],"_links":{"self":[{"href":"https:\/\/ptveracruz.mx\/index.php?rest_route=\/wp\/v2\/pages\/2086","targetHints":{"allow":["GET"]}}],"collection":[{"href":"https:\/\/ptveracruz.mx\/index.php?rest_route=\/wp\/v2\/pages"}],"about":[{"href":"https:\/\/ptveracruz.mx\/index.php?rest_route=\/wp\/v2\/types\/page"}],"author":[{"embeddable":true,"href":"https:\/\/ptveracruz.mx\/index.php?rest_route=\/wp\/v2\/users\/1"}],"replies":[{"embeddable":true,"href":"https:\/\/ptveracruz.mx\/index.php?rest_route=%2Fwp%2Fv2%2Fcomments&post=2086"}],"version-history":[{"count":10,"href":"https:\/\/ptveracruz.mx\/index.php?rest_route=\/wp\/v2\/pages\/2086\/revisions"}],"predecessor-version":[{"id":3078,"href":"https:\/\/ptveracruz.mx\/index.php?rest_route=\/wp\/v2\/pages\/2086\/revisions\/3078"}],"wp:attachment":[{"href":"https:\/\/ptveracruz.mx\/index.php?rest_route=%2Fwp%2Fv2%2Fmedia&parent=2086"}],"curies":[{"name":"wp","href":"https:\/\/api.w.org\/{rel}","templated":true}]}}