{"id":2,"date":"2014-02-17T20:11:58","date_gmt":"2014-02-17T20:11:58","guid":{"rendered":"http:\/\/www.ptveracruz.org\/?page_id=2"},"modified":"2022-04-11T15:25:05","modified_gmt":"2022-04-11T21:25:05","slug":"pagina-ejemplo","status":"publish","type":"page","link":"https:\/\/ptveracruz.mx\/","title":{"rendered":"CONTACTO"},"content":{"rendered":"\n<p><\/p>\n\n\n\n<h6 class=\"wp-block-heading\">En cumplimiento al acuerdo INE\/ CG33\/2019 del Consejo General del Instituto Nacional Electoral defecha 23 de enero de 2019, que el Padr\u00f3n de Afiliados del Partido del Trabajo se encuentra en REVISI\u00d3N y ACTUALIZACI\u00d3N<\/h6>\n\n\n\n<blockquote class=\"wp-block-quote is-layout-flow wp-block-quote-is-layout-flow\"><p style=\"text-align: center;\"><a href=\"http:\/\/www.ptveracruz.org\/wp-content\/uploads\/2014\/02\/Oficio-PTINE-Afiliado.pdf\">Descargar oficio<\/a><\/p><p style=\"text-align: center;\"><a href=\"http:\/\/www.ptveracruz.org\/wp-content\/uploads\/2014\/02\/Oficio-PTINE-Afiliado.pdf\">Descargar INE \/CG33\/2019<\/a><\/p><\/blockquote>\n\n\n\n<div class=\"writing\" style=\"color: #372636;\">\n<p><\/p><\/div>\n\n\n<p>[contact-form-7 id=&#8221;663&#8243; title=&#8221;Formulario de contacto 1&#8243;]<\/p>\n\n\n\n<p><\/p>\n","protected":false},"excerpt":{"rendered":"<p>En cumplimiento al acuerdo INE\/ CG33\/2019 del Consejo General del Instituto Nacional Electoral defecha 23 de enero de 2019, que el Padr\u00f3n [&hellip;]<\/p>\n","protected":false},"author":1,"featured_media":0,"parent":0,"menu_order":6,"comment_status":"open","ping_status":"open","template":"","meta":{"footnotes":""},"class_list":["post-2","page","type-page","status-publish","hentry"],"_links":{"self":[{"href":"https:\/\/ptveracruz.mx\/index.php?rest_route=\/wp\/v2\/pages\/2","targetHints":{"allow":["GET"]}}],"collection":[{"href":"https:\/\/ptveracruz.mx\/index.php?rest_route=\/wp\/v2\/pages"}],"about":[{"href":"https:\/\/ptveracruz.mx\/index.php?rest_route=\/wp\/v2\/types\/page"}],"author":[{"embeddable":true,"href":"https:\/\/ptveracruz.mx\/index.php?rest_route=\/wp\/v2\/users\/1"}],"replies":[{"embeddable":true,"href":"https:\/\/ptveracruz.mx\/index.php?rest_route=%2Fwp%2Fv2%2Fcomments&post=2"}],"version-history":[{"count":17,"href":"https:\/\/ptveracruz.mx\/index.php?rest_route=\/wp\/v2\/pages\/2\/revisions"}],"predecessor-version":[{"id":4685,"href":"https:\/\/ptveracruz.mx\/index.php?rest_route=\/wp\/v2\/pages\/2\/revisions\/4685"}],"wp:attachment":[{"href":"https:\/\/ptveracruz.mx\/index.php?rest_route=%2Fwp%2Fv2%2Fmedia&parent=2"}],"curies":[{"name":"wp","href":"https:\/\/api.w.org\/{rel}","templated":true}]}}