{"id":1555,"date":"2016-10-21T20:58:02","date_gmt":"2016-10-22T02:58:02","guid":{"rendered":"http:\/\/www.ptveracruz.org\/?page_id=1555"},"modified":"2026-02-07T15:01:28","modified_gmt":"2026-02-07T21:01:28","slug":"notificaciones-recientes","status":"publish","type":"page","link":"https:\/\/ptveracruz.mx\/?page_id=1555","title":{"rendered":"NOTIFICACIONES RECIENTES"},"content":{"rendered":"\n<p class=\"has-text-align-right\"><strong><em>\u00c1rea de notificaciones recientes y convocatorias<\/em><\/strong><\/p>\n\n\n\n<p><a href=\"https:\/\/drive.google.com\/file\/d\/1NrlFn558_Wek3R29uacekUkx10mBipfm\/view?usp=drive_link\">Convocatoria Alcald\u00efas 2026<\/a><\/p>\n\n\n\n<p><a href=\"https:\/\/ptveracruz.mx\/wp-content\/uploads\/2023\/11\/CONV-COORD-AFILIACION-PT-2023-2024-revisada.docx\">Convocatoria Coordinaci\u00f3n de Afiliaci\u00f3n 2023<\/a><\/p>\n\n\n\n<p><a rel=\"noreferrer noopener\" href=\"http:\/\/www.ptveracruz.org\/wp-content\/uploads\/2022\/02\/CONVOCATORIA-INTERNA-PROCESO-EXTRAORDINARIO.pdf\" target=\"_blank\">Convocatoria Interna Proceso Electoral Extraordinario 2022<\/a><\/p>\n\n\n\n<p><a href=\"http:\/\/www.ptveracruz.org\/wp-content\/uploads\/2016\/10\/Convocatoria-Veracruz-2020-1.pdf\">Convocatoria 2020 Congresos Municipales<\/a><\/p>\n\n\n\n<p><a href=\"http:\/\/www.ptveracruz.org\/wp-content\/uploads\/2020\/09\/13-DE-ENERO-2020.docx\">Convocatoria Sesion Ordinaria 13 de enero 2020<\/a><\/p>\n\n\n\n<p><a href=\"http:\/\/www.ptveracruz.org\/wp-content\/uploads\/2020\/09\/7-DE-ENERO-2020.docx\">Convocatoria&nbsp;a Integrantes de la&nbsp;Comisi\u00f3n Coordinadora Estatal&nbsp;y Comisionado Pol\u00edtico Nacional Sesi\u00f3n Ordinaria<\/a><\/p>\n\n\n\n<p><a href=\"http:\/\/www.ptveracruz.org\/wp-content\/uploads\/2016\/10\/Convocatoria-Veracruz-2017-1.pdf\">Convocatoria Veracruz 2017<\/a><\/p>\n\n\n\n<p><a href=\"http:\/\/www.ptveracruz.org\/wp-content\/uploads\/2016\/10\/1-CONV-CMOrd-CEE-2017-2daEtapaActaCEE.docx\">1 CONV CMOrd CEE 2017 (2daEtapaActaCEE)<\/a><\/p>\n\n\n\n<p><a href=\"http:\/\/www.ptveracruz.org\/wp-content\/uploads\/2016\/10\/1-CONV-CEOrd-CCE-2017-2daEtapaActaCEE-editado.docx\">Convocatoria Congreso Estatal Ordinario CCE 2017&nbsp;<\/a><\/p>\n\n\n\n<p><a href=\"http:\/\/www.ptveracruz.org\/wp-content\/uploads\/2016\/10\/Convocatoria-Veracruz-2017.pdf\">Convocatoria emitida por la CEEyPI 29 de Julio<\/a><\/p>\n\n\n\n<p><a href=\"http:\/\/www.ptveracruz.org\/wp-content\/uploads\/2016\/10\/15-DE-SEPTIEMBRE.docx\">Convocatoria 15 de septiembre 2017<\/a><\/p>\n\n\n\n<p><a href=\"http:\/\/www.ptveracruz.org\/wp-content\/uploads\/2016\/10\/24-DE-AGOSTO.docx\">Convocatoria 24 de Agosto 2017<\/a><\/p>\n\n\n\n<p><a href=\"http:\/\/www.ptveracruz.org\/wp-content\/uploads\/2015\/09\/1-CONV_CEE_APROB_CMOrdCEOrd_2017-2daEtapa.pdf\">Convocatoria 18 de Julio 2017<\/a><\/p>\n\n\n\n<p><a href=\"http:\/\/www.ptveracruz.org\/wp-content\/uploads\/2016\/10\/1.-CONV.CCE-2daEtapa.pdf\">Convocatoria 14 de Julio 2017<\/a><\/p>\n\n\n\n<p><a href=\"http:\/\/www.ptveracruz.org\/wp-content\/uploads\/2015\/09\/13-DE-MARZO.pdf\">Convocatoria Comisi\u00f3n Ejecutiva Estatal &nbsp;18 de Marzo 2017<\/a><\/p>\n\n\n\n<p><a href=\"http:\/\/www.ptveracruz.org\/wp-content\/uploads\/2015\/09\/CONV.PISC_.PT_.Ver_.2017-final.pdf\">Convocatoria a precandidatos. Procedimientos internos electorales. &nbsp;2017<\/a><\/p>\n\n\n\n<p><a href=\"http:\/\/www.ptveracruz.org\/wp-content\/uploads\/2015\/09\/3-de-febrero.docx\">Convocatoria 3 de febrero 2017. Comisi\u00f3n de ejecutiva estatal<\/a><\/p>\n\n\n\n<p><a href=\"http:\/\/www.ptveracruz.org\/wp-content\/uploads\/2015\/09\/11-de-enero.pdf\">Convocatoria de&nbsp;11 de enero&nbsp;2017 para integrantes de comisi\u00f3n ejecutiva estatal<\/a><\/p>\n\n\n\n<p><a href=\"http:\/\/www.ptveracruz.org\/wp-content\/uploads\/2015\/09\/19-de-diciembre-_1_.jpg\">Convocatoria a Comisi\u00f3n Ejecutiva Estatal 19 de diciembre&nbsp;de 2016<\/a><\/p>\n\n\n\n<p>Convocatoria a Debate para candidatos a Gobernador<\/p>\n\n\n\n<p><a href=\"http:\/\/www.ptveracruz.org\/wp-content\/uploads\/2015\/09\/CONVOCATORIA-DEBATES.pdf\">CONVOCATORIA DEBATES<\/a><\/p>\n\n\n\n<p>Convocatoria Elecci\u00f3n Federal 2015<\/p>\n\n\n\n<p><a href=\"http:\/\/www.ptveracruz.org\/wp-content\/uploads\/2015\/09\/CONVOCATORIA-ELECCION-FEDERAL-2015.pdf\">CONVOCATORIA ELECCION FEDERAL 2015<\/a><\/p>\n\n\n\n<p>Convocatoria Elecci\u00f3n &nbsp;2013<\/p>\n\n\n\n<p><a href=\"http:\/\/www.ptveracruz.org\/wp-content\/uploads\/2015\/09\/CONVOCATORIA-ELECCIONES-2013.docx\">CONVOCATORIA ELECCIONES 2013<\/a><\/p>\n\n\n\n<p>Convocatoria Elecci\u00f3n 2010<\/p>\n\n\n\n<p><a href=\"http:\/\/www.ptveracruz.org\/wp-content\/uploads\/2015\/09\/CONVOCATORIA-ELECCIONES-2010.pdf\">CONVOCATORIA ELECCIONES 2010<\/a><\/p>\n\n\n\n<p><a href=\"http:\/\/www.ptveracruz.org\/wp-content\/uploads\/2016\/10\/convocatoria-1.pdf\">19 de Octubre 2016<\/a><em>&nbsp;Convocatoria Comisi\u00f3n Ejecutiva Estatal<\/em><\/p>\n\n\n\n<p><a href=\"http:\/\/www.ptveracruz.org\/wp-content\/uploads\/2016\/10\/Convocatoria-26-de-octubre.pdf\">26 de Octubre 2016<\/a> &nbsp;Consejo Pol\u00edtico Estatal<\/p>\n\n\n\n<p><\/p>\n","protected":false},"excerpt":{"rendered":"<p>\u00c1rea de notificaciones recientes y convocatorias Convocatoria Alcald\u00efas 2026 Convocatoria Coordinaci\u00f3n de Afiliaci\u00f3n 2023 Convocatoria Interna Proceso Electoral Extraordinario 2022 Convocatoria 2020 [&hellip;]<\/p>\n","protected":false},"author":1,"featured_media":0,"parent":0,"menu_order":0,"comment_status":"closed","ping_status":"closed","template":"","meta":{"footnotes":""},"class_list":["post-1555","page","type-page","status-publish","hentry"],"_links":{"self":[{"href":"https:\/\/ptveracruz.mx\/index.php?rest_route=\/wp\/v2\/pages\/1555","targetHints":{"allow":["GET"]}}],"collection":[{"href":"https:\/\/ptveracruz.mx\/index.php?rest_route=\/wp\/v2\/pages"}],"about":[{"href":"https:\/\/ptveracruz.mx\/index.php?rest_route=\/wp\/v2\/types\/page"}],"author":[{"embeddable":true,"href":"https:\/\/ptveracruz.mx\/index.php?rest_route=\/wp\/v2\/users\/1"}],"replies":[{"embeddable":true,"href":"https:\/\/ptveracruz.mx\/index.php?rest_route=%2Fwp%2Fv2%2Fcomments&post=1555"}],"version-history":[{"count":26,"href":"https:\/\/ptveracruz.mx\/index.php?rest_route=\/wp\/v2\/pages\/1555\/revisions"}],"predecessor-version":[{"id":5785,"href":"https:\/\/ptveracruz.mx\/index.php?rest_route=\/wp\/v2\/pages\/1555\/revisions\/5785"}],"wp:attachment":[{"href":"https:\/\/ptveracruz.mx\/index.php?rest_route=%2Fwp%2Fv2%2Fmedia&parent=1555"}],"curies":[{"name":"wp","href":"https:\/\/api.w.org\/{rel}","templated":true}]}}